983 and 11575296.
157
Calculate the highest common divisor of 5751 and 47681541.
5751
Calculate the greatest common factor of 4031 and 1222505.
139
What is the greatest common factor of 1015 and 1477?
7
Calculate the highest common divisor of 2328 and 649706.
194
What is the highest common divisor of 59500 and 3166352?
476
What is the highest common divisor of 39678 and 361381?
389
What is the highest common factor of 268 and 8369908?
268
What is the greatest common divisor of 16227767 and 304?
19
What is the greatest common factor of 652830 and 1331510?
470
Calculate the greatest common factor of 6490134 and 7980.
798
What is the greatest common factor of 72 and 20716164?
36
What is the greatest common factor of 95 and 1482440705?
95
Calculate the greatest common factor of 7737353 and 26.
13
What is the highest common divisor of 42649524 and 1696?
212
Calculate the highest common factor of 7106 and 5204518.
418
Calculate the greatest common divisor of 54131171 and 38.
19
What is the greatest common divisor of 1536318 and 1134?
126
Calculate the greatest common divisor of 26 and 86729838.
26
What is the greatest common factor of 66225051 and 81?
9
Calculate the highest common divisor of 16149276 and 33.
33
Calculate the greatest common factor of 30564 and 185440844.
1132
What is the greatest common factor of 89639 and 46310767?
8149
What is the highest common divisor of 14089341 and 777?
777
What is the highest common divisor of 9113152 and 10496?
2624
What is the highest common divisor of 324 and 99277002?
162
What is the greatest common divisor of 1254 and 6962436?
114
Calculate the greatest common divisor of 83772 and 71019.
117
Calculate the highest common divisor of 443 and 6561716.
443
Calculate the greatest common divisor of 23595 and 687377405.
7865
What is the greatest common factor of 7938 and 11711?
49
What is the greatest common factor of 4268 and 6278492?
44
Calculate the greatest common divisor of 14700882 and 98.
98
What is the highest common divisor of 34 and 108586?
2
Calculate the highest common factor of 11585442 and 858.
66
Calculate the highest common divisor of 1132 and 112634.
566
What is the highest common factor of 5751261657 and 27?
27
What is the greatest common factor of 121775 and 410925?
25
Calculate the greatest common factor of 15387 and 2782563.
69
Calculate the highest common factor of 1542 and 51170499.
771
What is the highest common factor of 476 and 2451736?
28
What is the greatest common divisor of 10558020 and 120?
60
Calculate the highest common divisor of 2385 and 12808245.
795
Calculate the greatest common divisor of 96324572 and 16.
4
What is the greatest common factor of 207 and 250015313?
23
What is the highest common factor of 36644 and 704?
4
Calculate the highest common divisor of 761684 and 20141.
11
Calculate the greatest common divisor of 4906431 and 15057.
2151
What is the highest common divisor of 146391 and 4074?
21
What is the greatest common factor of 41 and 42729257?
41
What is the greatest common factor of 2399 and 1684827296?
2399
Calculate the greatest common divisor of 102465 and 72765.
1485
What is the highest common divisor of 2552832 and 18?
18
Calculate the highest common divisor of 526452 and 1644.
12
Calculate the greatest common divisor of 3008 and 51012672.
3008
Calculate the highest common divisor of 5687 and 1840108468.
5687
What is the greatest common divisor of 152243 and 266?
7
Calculate the highest common factor of 654 and 11797615.
109
Calculate the highest common factor of 10 and 10691770.
10
What is the highest common factor of 1611080 and 120?
40
Calculate the greatest common divisor of 1480 and 7243157.
37
What is the highest common factor of 72 and 1130543040?
24
Calculate the greatest common divisor of 796660 and 9028.
244
What is the highest common factor of 7577360 and 210?
70
What is the highest common divisor of 225 and 56230925?
25
What is the greatest common factor of 947 and 484707745?
947
What is the highest common divisor of 10268819 and 50963?
451
What is the greatest common divisor of 839953202 and 605?
121
Calculate the highest common divisor of 36 and 900743238.
18
Calculate the highest common factor of 1204690357 and 13.
13
What is the highest common factor of 455212 and 33387?
359
Calculate the highest common factor of 748266 and 606.
6
What is the greatest common divisor of 17 and 9123866?
17
Calculate the highest common divisor of 17820 and 13865808.
132
Calculate the greatest common divisor of 575543 and 7851232.
2293
What is the greatest common factor of 67305 and 4381235?
3205
Calculate the highest common factor of 144775 and 70850.
25
Calculate the highest common factor of 6149 and 187609.
43
Calculate the greatest common factor of 40 and 91871320.
40
Calculate the greatest common divisor of 12 and 41070828.
12
Calculate the greatest common factor of 37926 and 421056.
774
Calculate the greatest common divisor of 114 and 852226.
38
Calculate the greatest common divisor of 114425793 and 48285.
9657
What is the greatest common factor of 165238047 and 954?
477
What is the highest common factor of 15375295 and 25155?
2795
Calculate the greatest common factor of 3 and 6136707.
3
What is the greatest common divisor of 18 and 13833783?
9
Calculate the highest common factor of 4520 and 534044780.
2260
What is the greatest common divisor of 267 and 37255667?
89
Calculate the greatest common factor of 18036 and 24959556.
108
Calculate the highest common divisor of 53242 and 36148.
14
Calculate the highest common divisor of 732621 and 1083.
57
What is the greatest common divisor of 91 and 4228575?
13
What is the greatest common factor of 473729088 and 240?
48
What is the greatest common divisor of 1800260 and 210980?
1540
What is the highest common divisor of 6006 and 473034562?
2002
Calculate the highest common factor of 14085 and 5877.
9
What is the highest common factor of 1748771 and 187403?
971
What is the highest common factor of 71274637 and 3164?
791
Calculate the highest common divisor of 23748 and 33266990.
3958
What is the greatest common factor of 3650 and 2023706?
146
Calculate the greatest common factor of 12489 and 240549.
543
Calculate the highest common divisor of 27789018 and 2262.
174
What is the greatest common factor of 248067360 and 800?
160
Calculate the greatest common divisor of 2389515052 and 2792.
1396
What is the greatest common divisor of 14473 and 4305?
41
What is the greatest common divisor of 3292 and 3816251?
823
What is the highest common divisor of 2879406 and 466368?
2082
Calculate the highest common factor of 2612401 and 1739.
47
What is the highest common factor of 108902 and 104725288?
6406
What is the greatest common divisor of 2540055 and 252?
21
Calculate the greatest common divisor of 5681 and 638963.
299
What is the greatest common divisor of 58575201 and 30435?
6087
What is the highest common factor of 526633855 and 550?
55
What is the highest common divisor of 12425 and 290745?
2485
Calculate the greatest common factor of 11939880 and 24017.
3431
Calculate the greatest common factor of 10628 and 25224.
4
What is the highest common factor of 8672924 and 7956?
884
What is the highest common divisor of 546 and 750329762?
182
Calculate the greatest common factor of 65265914 and 266.
14
Calculate the greatest common divisor of 785270208 and 768.
192
What is the highest common factor of 66 and 6477603?
33
What is the greatest common factor of 162410475 and 759?
69
Calculate the highest common factor of 276735 and 2185.
95
Calculate the greatest common divisor of 17590350 and 750.
150
What is the highest common divisor of 882 and 1115928?
18
Calculate the greatest common divisor of 205162443 and 51.
51
What is the greatest common factor of 13 and 7579442?
13
Calculate the greatest common divisor of 8592531 and 51.
51
What is the highest common factor of 75 and 118470925?
25
What is the highest common divisor of 110816216 and 4823?
371
Calculate the highest common factor of 14038652 and 16.
4
What is the highest common divisor of 2 and 202582989?
1
Calculate the highest common divisor of 132 and 59902942.
22
Calculate the highest common divisor of 234 and 4303854.
18
Calculate the greatest common divisor of 1217